587. Is (p/(4 - 2))/1 prime?
True
Is -634606*(-216)/189 + 3*3 a prime number?
True
Suppose -q - q + 3*n + 6293 = 0, 4*q = -n + 12551. Suppose 5*k - 1055 = -g, -5*g + 2*g + q = 2*k. Suppose 16*o - 11*o = g. Is o prime?
False
Let m = -328 - -330. Suppose 4*g - 7*x = -m*x + 5237, -4*x + 1325 = g. Is g a prime number?
False
Let g be 327/18 + 5/(-120)*4. Let u(c) = -c**2 + 64*c - 13. Is u(g) a composite number?
True
Let u(x) = 5*x**2 + 18*x - 73. Let w(t) = 5*t**2 + 17*t - 75. Let a(b) = -5*u(b) + 6*w(b). Is a(8) composite?
False
Suppose 2*r - 5*a - 34805 = r, -r + 4*a + 34809 = 0. Suppose 4*c - r = -5*w, 5*c + 2*w - 26567 = 16960. Is c composite?
True
Suppose 35*y + 19*y = 5072689 + 3664889. Is y prime?
True
Suppose f + 11256 = 5*h + 60593, f - 49331 = 4*h. Is f composite?
False
Suppose 0 = -r - 0*r + 4. Suppose -9*b = -r*b - 230. Suppose t = 189 - b. Is t a composite number?
True
Let i(r) = r**2 + 6*r + 11. Let o be i(-5). Suppose -4*x - 3*s + o = -x, -3*s = -2*x - 11. Is (0 - 3) + (1 - (-334 - x)) a composite number?
False
Suppose -203*a + 2*r - 241468 = -207*a, 0 = -4*a + 5*r + 241440. Is a composite?
True
Let g be (-28)/(-112) - 3758/(-8). Suppose -9*a - g = -2297. Is a composite?
True
Let p = -529 + 592. Is (67 - p) + (9867 - 0) a prime number?
True
Let g(m) = -2*m + 21 + 0*m - 5 + 3. Let x be g(9). Is (2174/10)/(x/5) prime?
True
Let r = 4061 + 19656. Is r a composite number?
True
Let h = -3 + 7. Suppose 0 = -18*z + 16*z + h. Suppose n + 5*c = 64, -2*n = 2*n + z*c - 310. Is n a prime number?
True
Suppose 0 = -6*k + 12, 8*q + 2*k - 5355 = 7*q. Is q a prime number?
True
Let v(a) = 4*a**2 + 3*a - 63. Let g be v(-15). Let t = 2815 + g. Is t a composite number?
False
Suppose -6 = -2*i, -3*h = -h + i - 95. Suppose -5*o - 36 = -h. Suppose o*p - 956 = -282. Is p a composite number?
False
Suppose 0*m + 3*m - 93 = 0. Suppose -w = -b + m + 76, -419 = -4*b - 5*w. Is b prime?
False
Suppose -93*p = -83*p - 534710. Suppose -3*d - 8*d = -p. Is d prime?
True
Suppose -4*o - 2*o = 12. Let g be (-2)/o*(444 + -5 + 4). Let l = g - -6. Is l composite?
False
Let m = 51479 - 30270. Is m a prime number?
False
Let g(y) = -2*y**2 - 11*y + 3. Let s be g(-6). Is (7461/27)/((-1)/s) a composite number?
False
Suppose 4*j = 6 + 6. Let g be (-2 - 1)/j*-5. Suppose -m + 1715 - 60 = 3*z, -g*m + 1639 = 3*z. Is z composite?
True
Let y(a) = a**3 + 3*a**2 - a - 5. Let p be y(-3). Let o = 7 + p. Suppose k + l = 2*l + 1473, 2*k + o*l = 2974. Is k composite?
True
Let c(z) = 2*z**2 - 9*z + 9. Let d be c(3). Suppose 29*h - 11*h - 71802 = d. Is h a composite number?
False
Let q = -42813 + 75080. Is q prime?
False
Suppose 0 = -151*l + 7*l - 15*l + 75326727. Is l a composite number?
True
Is (-45 - -47)/(6/50889) a prime number?
True
Let z(f) = -13 - 10*f - 2*f**2 + f**2 - 14 + 6. Let u be z(-7). Suppose u = -12*p + 1964 - 368. Is p a composite number?
True
Suppose -14*v + 639702 - 43599 = -459007. Is v composite?
True
Suppose -2*v - 28 = -5*r, v - 7*r = -2*r - 4. Let w be (-156)/v - 3/(-6). Is 16530/w - (-84)/147 composite?
True
Suppose 106*i - 3*g = 102*i + 364921, 273688 = 3*i - 5*g. Is i a composite number?
True
Let v = -2183393 - -3530862. Is v composite?
False
Let u = -106949 + 218248. Is u composite?
True
Let s be 2 + -2 + 8 + -8. Suppose s - 12 = -3*i. Suppose -i*l + 319 = 5*w, -4*l + 70 + 294 = -4*w. Is l prime?
False
Let n be (-102)/(-21) + -5 + 108/21. Let y(p) = 49*p**3 - 4*p**2 - 18*p + 16. Is y(n) prime?
False
Suppose g - 1109697 = -7700*f + 7696*f, -5*f + 4*g + 1387095 = 0. Is f a composite number?
True
Let z(n) = -n**3 - 6*n**2 + n + 6. Let y be z(-6). Let p be 6*((-3)/6)/1 - 2. Is (-485)/p + (-6 - (-3 - y)) composite?
True
Suppose -d - 1 = -1. Suppose d = -5*l - 0 + 15. Suppose 5*r - l*y - 1963 = 0, 4*r - 3*y = 1388 + 180. Is r a prime number?
False
Suppose -p - 4*p = -5*c, 4*c = 5*p - 5. Suppose 4*o - 3 = -p*x, 3*x - 6 = -o - 0. Is ((-2182)/(-6))/(o/(-9)) - 4 composite?
False
Let j = -44124 + 200765. Is j a composite number?
False
Let g(n) = 5*n**3 - 14*n**2 + 21*n + 25. Let f(d) = -8*d**3 + 30*d**2 - 43*d - 50. Let t(h) = 3*f(h) + 5*g(h). Is t(-16) a composite number?
True
Let m = 157 - 155. Suppose 21335 = 3*x - 2*k, -4*x - m*k + 29446 = 976. Is x a prime number?
False
Let k = -656 - 23. Let r = 950 - k. Let j = 305 + r. Is j prime?
False
Suppose -92 = -4*i + 5*l, 5*i + 1 = -l + 87. Let q = 176 - i. Is q prime?
False
Let p(f) = f**3 + 22*f**2 - 41*f - 16. Let c be p(13). Let x = c - -15519. Is x composite?
True
Suppose -4*c - 4746 = 2*n, n = -0*n - 3*c - 2375. Is -4 - (-1 + -5 + n) a composite number?
False
Let y(m) = 1051*m + 5. Let i be y(5). Let q = -3472 + i. Is q/15 + (-1)/5 composite?
True
Suppose 11*b - 23*b = -217092. Is b a composite number?
True
Let c = 92 + -60. Suppose 0 = 5*g - c + 22. Suppose 2*j = -6*i + g*i + 508, -254 = -j + i. Is j prime?
False
Let y = 176 + -164. Suppose -6*h + y*h - 7026 = 0. Is h composite?
False
Let l(a) = -151*a**3 + 8*a**2 - 47*a - 31. Is l(-10) a composite number?
False
Let w(r) = r - 16. Let q(y) = 2*y - 32. Let d(j) = -4*q(j) + 7*w(j). Let f be d(12). Suppose f*o - 294 = 214. Is o a prime number?
True
Suppose 4*y = -11*p + 8*p + 76027, -p - 5*y = -25324. Is p a composite number?
False
Suppose 0 = x + 2464 - 10430. Let f = -3437 + x. Is f a composite number?
True
Suppose 0 = 41*s - 112747 - 23086. Is s a composite number?
False
Suppose -3*b + 3*c = 10749, -5*b + 10773 = -8*b - 5*c. Is (b/(-10))/(2/10) composite?
True
Suppose -133925 + 21439 - 248768 = -6*d. Is d composite?
False
Suppose 5*o - 1747 - 1628 = -5*c, 2*o + 2035 = 3*c. Let v = 1142 + c. Is v a composite number?
True
Let y(n) = n - 24. Let h be y(17). Let x(a) = -21*a - 60. Is x(h) a prime number?
False
Suppose -3*x = 12, -3*u + 429772 = 4*x + 37085. Is u composite?
True
Suppose i - 4357 = 21724. Is i a composite number?
True
Let o = 145 - -3897. Suppose 5*x + 3*u - 17980 = 0, 2*x - o = 3*u + 3129. Is x prime?
True
Let u(r) = -315*r**2 - 4*r + 5. Let k(b) = -b + 1. Let f = 21 + -22. Let j(p) = f*u(p) + 4*k(p). Is j(-2) prime?
True
Let q(o) = 187*o**2 - 263*o + 119. Is q(25) composite?
False
Let u(x) = 161727*x**3 + 12*x**2 - 24*x + 5. Is u(2) a composite number?
False
Let z = -192 - -207. Suppose -z*h + 40674 = -9*h. Is h composite?
False
Suppose -36*g = -4*g - 192192. Suppose 2*v - 16*u = -18*u + g, 14975 = 5*v - 5*u. Is v a prime number?
True
Let f be 3 + 3 - (-4352)/(9 + -1). Suppose 2*t = -5*a + 8437 + f, 7200 = 4*a - t. Is a a prime number?
False
Let u(y) = 16653*y - 88. Is u(3) a composite number?
False
Let f(i) = -16*i + 16. Let p be f(9). Let j = -56 - p. Is j/39 + -2 + (-28641)/(-13) a composite number?
False
Suppose 0 = -5*p - 1 - 9. Let n be 1*(2 + p - 3 - 5580). Is n/(-5) - 0 - 4/(-10) prime?
True
Suppose 8*j + 607 = 2783. Let m = j + 150. Is m a prime number?
False
Is -3 - (-944815)/7 - ((-900)/(-105) + -9) a composite number?
True
Suppose 68*y - 69*y = 14. Is 8*7/y + 4218 + -1 a composite number?
True
Let l(h) = -20*h + 29. Let p(k) = -k**3 - 10*k**2 - 15*k + 8. Let u be p(-8). Suppose -2*c - r - 25 - 7 = 0, c + 4*r + 30 = u. Is l(c) prime?
False
Suppose 151*t = 95*t + 3483368. Is t a composite number?
True
Let r be ((-972)/45)/18*30/4. Let t be ((-10)/6)/(2/12). Is ((-45)/t)/r*-7894 a prime number?
True
Suppose 0 = -3*v - 4*t - 103693 + 1339771, 2*v - 6*t = 824000. Is v prime?
False
Let z(x) = -10698*x**3 - 6*x**2 - 6*x - 1. Is z(-1) a prime number?
False
Let u(m) = -m**2 + 18*m - 42. Let p be u(15). Suppose 4*k + 3*h = 1853, 460 = 2*k + p*h - 459. Is k composite?
False
Let w = 67 + -60. Suppose w*q - 34 = 8. Is 5476/(-2)*(-3)/q prime?
False
Let b(c) = -c**3 - 6*c**2 - 6*c. Let w be b(-5). Suppose -w*u + 21465 = 4*m, -3*u - 7*m = -4*m - 12876. Is u prime?
True
Let d be (8*30/(-4))/(1/(-32)). Let p = 3217 - d. Is p a composite number?
False
Suppose 151*z + 230853934 = 369*z. Is z composite?
True
Let h(b) = -10*b**3 + 29*b**2 - 46*b - 566. Is h(-13) a composite number?
False
Let i = 98 + -104. Is (-6190)/i + (0 - 4/6) a prime number?
True
Suppose -5*j - 637 = -3*o, -486 + 104 = 3*j - 2*o. Suppose 3*r = d - 1263, 4*d - d = 0. Let a = j - r. Is a prime?
True
Suppose 15 = -4*u + 35. Suppose p - 6121 = -x, -3*x - 30573 = -u*p - 0*x. Is p a prime number?
Fal